{"id":190,"date":"2020-11-13T15:37:19","date_gmt":"2020-11-13T15:37:19","guid":{"rendered":"https:\/\/www.rdzabogados.com\/rdz\/?page_id=190"},"modified":"2021-01-11T23:15:46","modified_gmt":"2021-01-11T23:15:46","slug":"contacto","status":"publish","type":"page","link":"https:\/\/www.rdzabogados.com\/rdz\/contacto\/","title":{"rendered":"Contacto"},"content":{"rendered":"\t\t<div data-elementor-type=\"wp-page\" data-elementor-id=\"190\" class=\"elementor elementor-190\">\n\t\t\t\t\t\t<section class=\"elementor-section elementor-top-section elementor-element elementor-element-3c99591 elementor-section-height-min-height elementor-section-boxed elementor-section-height-default elementor-section-items-middle\" data-id=\"3c99591\" data-element_type=\"section\" data-settings=\"{&quot;background_background&quot;:&quot;classic&quot;}\">\n\t\t\t\t\t\t\t<div class=\"elementor-background-overlay\"><\/div>\n\t\t\t\t\t\t\t<div class=\"elementor-container elementor-column-gap-default\">\n\t\t\t\t\t<div class=\"elementor-column elementor-col-100 elementor-top-column elementor-element elementor-element-5090a78 animated-slow elementor-invisible\" data-id=\"5090a78\" data-element_type=\"column\" data-settings=\"{&quot;animation&quot;:&quot;fadeInUp&quot;}\">\n\t\t\t<div class=\"elementor-widget-wrap elementor-element-populated\">\n\t\t\t\t\t\t<div class=\"elementor-element elementor-element-8ac9659 elementor-widget elementor-widget-image\" data-id=\"8ac9659\" data-element_type=\"widget\" data-widget_type=\"image.default\">\n\t\t\t\t<div class=\"elementor-widget-container\">\n\t\t\t\t\t\t\t\t\t\t\t\t\t\t\t<img decoding=\"async\" width=\"300\" height=\"120\" src=\"https:\/\/www.rdzabogados.com\/rdz\/wp-content\/uploads\/2021\/01\/RDZ-Logo-Lite-300x120.png\" class=\"attachment-medium size-medium wp-image-520\" alt=\"\" srcset=\"https:\/\/www.rdzabogados.com\/rdz\/wp-content\/uploads\/2021\/01\/RDZ-Logo-Lite-300x120.png 300w, https:\/\/www.rdzabogados.com\/rdz\/wp-content\/uploads\/2021\/01\/RDZ-Logo-Lite.png 451w\" sizes=\"(max-width: 300px) 100vw, 300px\" \/>\t\t\t\t\t\t\t\t\t\t\t\t\t\t\t<\/div>\n\t\t\t\t<\/div>\n\t\t\t\t<div class=\"elementor-element elementor-element-20af0ba elementor-widget elementor-widget-heading\" data-id=\"20af0ba\" data-element_type=\"widget\" data-widget_type=\"heading.default\">\n\t\t\t\t<div class=\"elementor-widget-container\">\n\t\t\t\t\t<h1 class=\"elementor-heading-title elementor-size-default\">Contacto<\/h1>\t\t\t\t<\/div>\n\t\t\t\t<\/div>\n\t\t\t\t<section class=\"elementor-section elementor-inner-section elementor-element elementor-element-744b4be elementor-section-boxed elementor-section-height-default elementor-section-height-default\" data-id=\"744b4be\" data-element_type=\"section\">\n\t\t\t\t\t\t<div class=\"elementor-container elementor-column-gap-default\">\n\t\t\t\t\t<div class=\"elementor-column elementor-col-50 elementor-inner-column elementor-element elementor-element-055c9ea\" data-id=\"055c9ea\" data-element_type=\"column\">\n\t\t\t<div class=\"elementor-widget-wrap elementor-element-populated\">\n\t\t\t\t\t\t<div class=\"elementor-element elementor-element-70fe0f7 elementor-icon-list--layout-traditional elementor-list-item-link-full_width elementor-widget elementor-widget-icon-list\" data-id=\"70fe0f7\" data-element_type=\"widget\" data-widget_type=\"icon-list.default\">\n\t\t\t\t<div class=\"elementor-widget-container\">\n\t\t\t\t\t\t\t<ul class=\"elementor-icon-list-items\">\n\t\t\t\t\t\t\t<li class=\"elementor-icon-list-item\">\n\t\t\t\t\t\t\t\t\t\t\t<span class=\"elementor-icon-list-icon\">\n\t\t\t\t\t\t\t<i aria-hidden=\"true\" class=\"fas fa-home\"><\/i>\t\t\t\t\t\t<\/span>\n\t\t\t\t\t\t\t\t\t\t<span class=\"elementor-icon-list-text\">Lucerna 65, Colonia Ju\u00e1rez, Alcald\u00eda Cuauht\u00e9moc, C.P. 06600, Ciudad de M\u00e9xico.<\/span>\n\t\t\t\t\t\t\t\t\t<\/li>\n\t\t\t\t\t\t\t\t<li class=\"elementor-icon-list-item\">\n\t\t\t\t\t\t\t\t\t\t\t<span class=\"elementor-icon-list-icon\">\n\t\t\t\t\t\t\t<i aria-hidden=\"true\" class=\"fas fa-envelope\"><\/i>\t\t\t\t\t\t<\/span>\n\t\t\t\t\t\t\t\t\t\t<span class=\"elementor-icon-list-text\">contacto@rdzabogados.com<\/span>\n\t\t\t\t\t\t\t\t\t<\/li>\n\t\t\t\t\t\t<\/ul>\n\t\t\t\t\t\t<\/div>\n\t\t\t\t<\/div>\n\t\t\t\t\t<\/div>\n\t\t<\/div>\n\t\t\t\t<div class=\"elementor-column elementor-col-50 elementor-inner-column elementor-element elementor-element-14ec53d\" data-id=\"14ec53d\" data-element_type=\"column\">\n\t\t\t<div class=\"elementor-widget-wrap elementor-element-populated\">\n\t\t\t\t\t\t<div class=\"elementor-element elementor-element-fd05ae9 elementor-icon-list--layout-traditional elementor-list-item-link-full_width elementor-widget elementor-widget-icon-list\" data-id=\"fd05ae9\" data-element_type=\"widget\" data-widget_type=\"icon-list.default\">\n\t\t\t\t<div class=\"elementor-widget-container\">\n\t\t\t\t\t\t\t<ul class=\"elementor-icon-list-items\">\n\t\t\t\t\t\t\t<li class=\"elementor-icon-list-item\">\n\t\t\t\t\t\t\t\t\t\t\t<span class=\"elementor-icon-list-icon\">\n\t\t\t\t\t\t\t<i aria-hidden=\"true\" class=\"fab fa-whatsapp-square\"><\/i>\t\t\t\t\t\t<\/span>\n\t\t\t\t\t\t\t\t\t\t<span class=\"elementor-icon-list-text\">+52 56 2597 1867<\/span>\n\t\t\t\t\t\t\t\t\t<\/li>\n\t\t\t\t\t\t\t\t<li class=\"elementor-icon-list-item\">\n\t\t\t\t\t\t\t\t\t\t\t<span class=\"elementor-icon-list-icon\">\n\t\t\t\t\t\t\t<i aria-hidden=\"true\" class=\"fas fa-phone-alt\"><\/i>\t\t\t\t\t\t<\/span>\n\t\t\t\t\t\t\t\t\t\t<span class=\"elementor-icon-list-text\">+52 55 8945 6123<\/span>\n\t\t\t\t\t\t\t\t\t<\/li>\n\t\t\t\t\t\t<\/ul>\n\t\t\t\t\t\t<\/div>\n\t\t\t\t<\/div>\n\t\t\t\t\t<\/div>\n\t\t<\/div>\n\t\t\t\t\t<\/div>\n\t\t<\/section>\n\t\t\t\t\t<\/div>\n\t\t<\/div>\n\t\t\t\t\t<\/div>\n\t\t<\/section>\n\t\t\t\t<section class=\"elementor-section elementor-top-section elementor-element elementor-element-88faa3d elementor-section-boxed elementor-section-height-default elementor-section-height-default\" data-id=\"88faa3d\" data-element_type=\"section\" data-settings=\"{&quot;background_background&quot;:&quot;classic&quot;}\">\n\t\t\t\t\t\t\t<div class=\"elementor-background-overlay\"><\/div>\n\t\t\t\t\t\t\t<div class=\"elementor-container elementor-column-gap-default\">\n\t\t\t\t\t<div class=\"elementor-column elementor-col-50 elementor-top-column elementor-element elementor-element-03dad8c\" data-id=\"03dad8c\" data-element_type=\"column\" data-settings=\"{&quot;background_background&quot;:&quot;classic&quot;}\">\n\t\t\t<div class=\"elementor-widget-wrap elementor-element-populated\">\n\t\t\t\t\t\t<div class=\"elementor-element elementor-element-f699bf1 elementor-widget elementor-widget-shortcode\" data-id=\"f699bf1\" data-element_type=\"widget\" data-widget_type=\"shortcode.default\">\n\t\t\t\t<div class=\"elementor-widget-container\">\n\t\t\t\t\t\t\t<div class=\"elementor-shortcode\"><div class=\"caldera-grid\" id=\"caldera_form_1\" data-cf-ver=\"1.9.6\" data-cf-form-id=\"CF5ff724d55c46e\"><div id=\"caldera_notices_1\" data-spinner=\"https:\/\/www.rdzabogados.com\/rdz\/wp-admin\/images\/spinner.gif\"><\/div><form data-instance=\"1\" class=\"CF5ff724d55c46e caldera_forms_form cfajax-trigger\" method=\"POST\" enctype=\"multipart\/form-data\" id=\"CF5ff724d55c46e_1\" data-form-id=\"CF5ff724d55c46e\" aria-label=\"Contacto\" data-target=\"#caldera_notices_1\" data-template=\"#cfajax_CF5ff724d55c46e-tmpl\" data-cfajax=\"CF5ff724d55c46e\" data-load-element=\"_parent\" data-load-class=\"cf_processing\" data-post-disable=\"0\" data-action=\"cf_process_ajax_submit\" data-request=\"https:\/\/www.rdzabogados.com\/rdz\/cf-api\/CF5ff724d55c46e\" data-hiderows=\"true\">\r\n<input type=\"hidden\" id=\"_cf_verify_CF5ff724d55c46e\" name=\"_cf_verify\" value=\"b783ef09aa\"  data-nonce-time=\"1776163164\" \/><input type=\"hidden\" name=\"_wp_http_referer\" value=\"\/rdz\/wp-json\/wp\/v2\/pages\/190\" \/><div id=\"cf2-CF5ff724d55c46e_1\"><\/div><input type=\"hidden\" name=\"_cf_frm_id\" value=\"CF5ff724d55c46e\">\r\n<input type=\"hidden\" name=\"_cf_frm_ct\" value=\"1\">\r\n<input type=\"hidden\" name=\"cfajax\" value=\"CF5ff724d55c46e\">\r\n<input type=\"hidden\" name=\"_cf_cr_pst\" value=\"190\">\r\n<div class=\"hide\" style=\"display:none; overflow:hidden;height:0;width:0;\">\r\n<label>Nombre<\/label><input type=\"text\" name=\"name\" value=\"\" autocomplete=\"off\">\r\n<\/div><div id=\"CF5ff724d55c46e_1-row-1\"  class=\"row  first_row\"><div  class=\"col-sm-12  single\"><div class=\"\"><h2>Enviar mensaje<\/h2>\n<p>\u00bfC\u00f3mo te podemos ayudar?<\/p>\n<hr>\n<\/div><\/div><\/div><div id=\"CF5ff724d55c46e_1-row-2\"  class=\"row \"><div  class=\"col-sm-6  first_col\"><div data-field-wrapper=\"fld_8768091\" class=\"form-group\" id=\"fld_8768091_1-wrap\">\r\n\t<label id=\"fld_8768091Label\" for=\"fld_8768091_1\" class=\"control-label\">Nombre <span aria-hidden=\"true\" role=\"presentation\" class=\"field_required\" style=\"color:#ee0000;\">*<\/span><\/label>\r\n\t<div class=\"\">\r\n\t\t<input   required type=\"text\" data-field=\"fld_8768091\" class=\" form-control\" id=\"fld_8768091_1\" name=\"fld_8768091\" value=\"\" data-type=\"text\" aria-required=\"true\"   aria-labelledby=\"fld_8768091Label\" >\t\t\t<\/div>\r\n<\/div>\r\n<\/div><div  class=\"col-sm-6  last_col\"><div data-field-wrapper=\"fld_1564103\" class=\"form-group\" id=\"fld_1564103_1-wrap\">\r\n\t<label id=\"fld_1564103Label\" for=\"fld_1564103_1\" class=\"control-label\">tel\u00e9fono<\/label>\r\n\t<div class=\"\">\r\n\t\t<input  data-inputmask=\"'mask': '(999)999-9999'\"   type=\"phone\" data-field=\"fld_1564103\" class=\" form-control\" id=\"fld_1564103_1\" name=\"fld_1564103\" value=\"\" data-type=\"phone\"   aria-labelledby=\"fld_1564103Label\" >\t\t\t<\/div>\r\n<\/div>\r\n<\/div><\/div><div id=\"CF5ff724d55c46e_1-row-3\"  class=\"row \"><div  class=\"col-sm-12  single\"><div data-field-wrapper=\"fld_6009157\" class=\"form-group\" id=\"fld_6009157_1-wrap\">\r\n\t<label id=\"fld_6009157Label\" for=\"fld_6009157_1\" class=\"control-label\">Correo electr\u00f3nico <span aria-hidden=\"true\" role=\"presentation\" class=\"field_required\" style=\"color:#ee0000;\">*<\/span><\/label>\r\n\t<div class=\"\">\r\n\t\t<input   required type=\"email\" data-field=\"fld_6009157\" class=\" form-control\" id=\"fld_6009157_1\" name=\"fld_6009157\" value=\"\" data-type=\"email\" aria-required=\"true\"   aria-labelledby=\"fld_6009157Label\" >\t\t\t<\/div>\r\n<\/div>\r\n<div data-field-wrapper=\"fld_7683514\" class=\"form-group\" id=\"fld_7683514_1-wrap\">\r\n\t<label id=\"fld_7683514Label\" for=\"fld_7683514_1\" class=\"control-label\">Comentarios \/ Preguntas <span aria-hidden=\"true\" role=\"presentation\" class=\"field_required\" style=\"color:#ee0000;\">*<\/span><\/label>\r\n\t<div class=\"\">\r\n\t\t<textarea name=\"fld_7683514\" value=\"\" data-field=\"fld_7683514\" class=\"form-control\" id=\"fld_7683514_1\" rows=\"7\"  required=\"required\"  aria-labelledby=\"fld_7683514Label\" ><\/textarea>\n\t\t\t<\/div>\r\n<\/div>\r\n<\/div><\/div><div id=\"CF5ff724d55c46e_1-row-4\"  class=\"row  last_row\"><div  class=\"col-sm-12  single\"><div data-field-wrapper=\"fld_7908577\" class=\"form-group\" id=\"fld_7908577_1-wrap\">\r\n<div class=\"\">\r\n\t<input  class=\"btn btn-default\" type=\"submit\" name=\"fld_7908577\" id=\"fld_7908577_1\" value=\"Enviar mensaje\" data-field=\"fld_7908577\"  >\n<\/div>\r\n<\/div>\r\n\t<input class=\"button_trigger_1\" type=\"hidden\" name=\"fld_7908577\" id=\"fld_7908577_1_btn\" value=\"\" data-field=\"fld_7908577\"  \/>\n<\/div><\/div><\/form>\r\n<\/div>\r\n<\/div>\n\t\t\t\t\t\t<\/div>\n\t\t\t\t<\/div>\n\t\t\t\t\t<\/div>\n\t\t<\/div>\n\t\t\t\t<div class=\"elementor-column elementor-col-50 elementor-top-column elementor-element elementor-element-849f5a0 elementor-invisible\" data-id=\"849f5a0\" data-element_type=\"column\" data-settings=\"{&quot;animation&quot;:&quot;fadeInRight&quot;}\">\n\t\t\t<div class=\"elementor-widget-wrap elementor-element-populated\">\n\t\t\t\t\t\t<div class=\"elementor-element elementor-element-6a9e44b elementor-widget elementor-widget-google_maps\" data-id=\"6a9e44b\" data-element_type=\"widget\" data-widget_type=\"google_maps.default\">\n\t\t\t\t<div class=\"elementor-widget-container\">\n\t\t\t\t\t\t\t<div class=\"elementor-custom-embed\">\n\t\t\t<iframe loading=\"lazy\"\n\t\t\t\t\tsrc=\"https:\/\/maps.google.com\/maps?q=Lucerna%2065%2C%20Colonia%20Ju%C3%A1rez%2C%20Alcald%C3%ADa%20Cuauht%C3%A9moc%2C%20C.P.%2006600%2C%20Ciudad%20de%20M%C3%A9xico.&#038;t=m&#038;z=14&#038;output=embed&#038;iwloc=near\"\n\t\t\t\t\ttitle=\"Lucerna 65, Colonia Ju\u00e1rez, Alcald\u00eda Cuauht\u00e9moc, C.P. 06600, Ciudad de M\u00e9xico.\"\n\t\t\t\t\taria-label=\"Lucerna 65, Colonia Ju\u00e1rez, Alcald\u00eda Cuauht\u00e9moc, C.P. 06600, Ciudad de M\u00e9xico.\"\n\t\t\t><\/iframe>\n\t\t<\/div>\n\t\t\t\t\t\t<\/div>\n\t\t\t\t<\/div>\n\t\t\t\t<div class=\"elementor-element elementor-element-e35565d elementor-widget elementor-widget-image\" data-id=\"e35565d\" data-element_type=\"widget\" data-widget_type=\"image.default\">\n\t\t\t\t<div class=\"elementor-widget-container\">\n\t\t\t\t\t\t\t\t\t\t\t\t\t\t\t<img fetchpriority=\"high\" decoding=\"async\" width=\"800\" height=\"450\" src=\"https:\/\/www.rdzabogados.com\/rdz\/wp-content\/uploads\/2021\/01\/Contacto-1-1024x576.png\" class=\"attachment-large size-large wp-image-385\" alt=\"\" srcset=\"https:\/\/www.rdzabogados.com\/rdz\/wp-content\/uploads\/2021\/01\/Contacto-1-1024x576.png 1024w, https:\/\/www.rdzabogados.com\/rdz\/wp-content\/uploads\/2021\/01\/Contacto-1-300x169.png 300w, https:\/\/www.rdzabogados.com\/rdz\/wp-content\/uploads\/2021\/01\/Contacto-1-768x432.png 768w, https:\/\/www.rdzabogados.com\/rdz\/wp-content\/uploads\/2021\/01\/Contacto-1.png 1345w\" sizes=\"(max-width: 800px) 100vw, 800px\" \/>\t\t\t\t\t\t\t\t\t\t\t\t\t\t\t<\/div>\n\t\t\t\t<\/div>\n\t\t\t\t\t<\/div>\n\t\t<\/div>\n\t\t\t\t\t<\/div>\n\t\t<\/section>\n\t\t\t\t<\/div>\n\t\t","protected":false},"excerpt":{"rendered":"<p>Contacto Lucerna 65, Colonia Ju\u00e1rez, Alcald\u00eda Cuauht\u00e9moc, C.P. 06600, Ciudad de M\u00e9xico. contacto@rdzabogados.com +52 56 2597 1867 +52 55 8945 6123<\/p>\n","protected":false},"author":1,"featured_media":0,"parent":0,"menu_order":0,"comment_status":"closed","ping_status":"closed","template":"elementor_header_footer","meta":{"footnotes":""},"class_list":["post-190","page","type-page","status-publish","hentry"],"yoast_head":"<!-- This site is optimized with the Yoast SEO plugin v26.5 - https:\/\/yoast.com\/wordpress\/plugins\/seo\/ -->\n<title>Contacto - RDZ Abogados<\/title>\n<meta name=\"robots\" content=\"index, follow, max-snippet:-1, max-image-preview:large, max-video-preview:-1\" \/>\n<link rel=\"canonical\" href=\"https:\/\/www.rdzabogados.com\/rdz\/contacto\/\" \/>\n<meta property=\"og:locale\" content=\"es_MX\" \/>\n<meta property=\"og:type\" content=\"article\" \/>\n<meta property=\"og:title\" content=\"Contacto - RDZ Abogados\" \/>\n<meta property=\"og:description\" content=\"Contacto Lucerna 65, Colonia Ju\u00e1rez, Alcald\u00eda Cuauht\u00e9moc, C.P. 06600, Ciudad de M\u00e9xico. contacto@rdzabogados.com +52 56 2597 1867 +52 55 8945 6123\" \/>\n<meta property=\"og:url\" content=\"https:\/\/www.rdzabogados.com\/rdz\/contacto\/\" \/>\n<meta property=\"og:site_name\" content=\"RDZ Abogados\" \/>\n<meta property=\"article:modified_time\" content=\"2021-01-11T23:15:46+00:00\" \/>\n<meta property=\"og:image\" content=\"https:\/\/www.rdzabogados.com\/rdz\/wp-content\/uploads\/2021\/01\/RDZ-Logo-Lite-300x120.png\" \/>\n<meta name=\"twitter:card\" content=\"summary_large_image\" \/>\n<script type=\"application\/ld+json\" class=\"yoast-schema-graph\">{\"@context\":\"https:\/\/schema.org\",\"@graph\":[{\"@type\":\"WebPage\",\"@id\":\"https:\/\/www.rdzabogados.com\/rdz\/contacto\/\",\"url\":\"https:\/\/www.rdzabogados.com\/rdz\/contacto\/\",\"name\":\"Contacto - RDZ Abogados\",\"isPartOf\":{\"@id\":\"https:\/\/www.rdzabogados.com\/rdz\/#website\"},\"primaryImageOfPage\":{\"@id\":\"https:\/\/www.rdzabogados.com\/rdz\/contacto\/#primaryimage\"},\"image\":{\"@id\":\"https:\/\/www.rdzabogados.com\/rdz\/contacto\/#primaryimage\"},\"thumbnailUrl\":\"https:\/\/www.rdzabogados.com\/rdz\/wp-content\/uploads\/2021\/01\/RDZ-Logo-Lite-300x120.png\",\"datePublished\":\"2020-11-13T15:37:19+00:00\",\"dateModified\":\"2021-01-11T23:15:46+00:00\",\"breadcrumb\":{\"@id\":\"https:\/\/www.rdzabogados.com\/rdz\/contacto\/#breadcrumb\"},\"inLanguage\":\"es\",\"potentialAction\":[{\"@type\":\"ReadAction\",\"target\":[\"https:\/\/www.rdzabogados.com\/rdz\/contacto\/\"]}]},{\"@type\":\"ImageObject\",\"inLanguage\":\"es\",\"@id\":\"https:\/\/www.rdzabogados.com\/rdz\/contacto\/#primaryimage\",\"url\":\"https:\/\/www.rdzabogados.com\/rdz\/wp-content\/uploads\/2021\/01\/RDZ-Logo-Lite.png\",\"contentUrl\":\"https:\/\/www.rdzabogados.com\/rdz\/wp-content\/uploads\/2021\/01\/RDZ-Logo-Lite.png\",\"width\":451,\"height\":181},{\"@type\":\"BreadcrumbList\",\"@id\":\"https:\/\/www.rdzabogados.com\/rdz\/contacto\/#breadcrumb\",\"itemListElement\":[{\"@type\":\"ListItem\",\"position\":1,\"name\":\"Inicio\",\"item\":\"https:\/\/www.rdzabogados.com\/rdz\/\"},{\"@type\":\"ListItem\",\"position\":2,\"name\":\"Contacto\"}]},{\"@type\":\"WebSite\",\"@id\":\"https:\/\/www.rdzabogados.com\/rdz\/#website\",\"url\":\"https:\/\/www.rdzabogados.com\/rdz\/\",\"name\":\"RDZ Abogados\",\"description\":\"\",\"publisher\":{\"@id\":\"https:\/\/www.rdzabogados.com\/rdz\/#organization\"},\"potentialAction\":[{\"@type\":\"SearchAction\",\"target\":{\"@type\":\"EntryPoint\",\"urlTemplate\":\"https:\/\/www.rdzabogados.com\/rdz\/?s={search_term_string}\"},\"query-input\":{\"@type\":\"PropertyValueSpecification\",\"valueRequired\":true,\"valueName\":\"search_term_string\"}}],\"inLanguage\":\"es\"},{\"@type\":\"Organization\",\"@id\":\"https:\/\/www.rdzabogados.com\/rdz\/#organization\",\"name\":\"RDZ Abogados\",\"url\":\"https:\/\/www.rdzabogados.com\/rdz\/\",\"logo\":{\"@type\":\"ImageObject\",\"inLanguage\":\"es\",\"@id\":\"https:\/\/www.rdzabogados.com\/rdz\/#\/schema\/logo\/image\/\",\"url\":\"https:\/\/www.rdzabogados.com\/rdz\/wp-content\/uploads\/2020\/11\/firma-1.png\",\"contentUrl\":\"https:\/\/www.rdzabogados.com\/rdz\/wp-content\/uploads\/2020\/11\/firma-1.png\",\"width\":410,\"height\":181,\"caption\":\"RDZ Abogados\"},\"image\":{\"@id\":\"https:\/\/www.rdzabogados.com\/rdz\/#\/schema\/logo\/image\/\"}}]}<\/script>\n<!-- \/ Yoast SEO plugin. -->","yoast_head_json":{"title":"Contacto - RDZ Abogados","robots":{"index":"index","follow":"follow","max-snippet":"max-snippet:-1","max-image-preview":"max-image-preview:large","max-video-preview":"max-video-preview:-1"},"canonical":"https:\/\/www.rdzabogados.com\/rdz\/contacto\/","og_locale":"es_MX","og_type":"article","og_title":"Contacto - RDZ Abogados","og_description":"Contacto Lucerna 65, Colonia Ju\u00e1rez, Alcald\u00eda Cuauht\u00e9moc, C.P. 06600, Ciudad de M\u00e9xico. contacto@rdzabogados.com +52 56 2597 1867 +52 55 8945 6123","og_url":"https:\/\/www.rdzabogados.com\/rdz\/contacto\/","og_site_name":"RDZ Abogados","article_modified_time":"2021-01-11T23:15:46+00:00","og_image":[{"url":"https:\/\/www.rdzabogados.com\/rdz\/wp-content\/uploads\/2021\/01\/RDZ-Logo-Lite-300x120.png","type":"","width":"","height":""}],"twitter_card":"summary_large_image","schema":{"@context":"https:\/\/schema.org","@graph":[{"@type":"WebPage","@id":"https:\/\/www.rdzabogados.com\/rdz\/contacto\/","url":"https:\/\/www.rdzabogados.com\/rdz\/contacto\/","name":"Contacto - RDZ Abogados","isPartOf":{"@id":"https:\/\/www.rdzabogados.com\/rdz\/#website"},"primaryImageOfPage":{"@id":"https:\/\/www.rdzabogados.com\/rdz\/contacto\/#primaryimage"},"image":{"@id":"https:\/\/www.rdzabogados.com\/rdz\/contacto\/#primaryimage"},"thumbnailUrl":"https:\/\/www.rdzabogados.com\/rdz\/wp-content\/uploads\/2021\/01\/RDZ-Logo-Lite-300x120.png","datePublished":"2020-11-13T15:37:19+00:00","dateModified":"2021-01-11T23:15:46+00:00","breadcrumb":{"@id":"https:\/\/www.rdzabogados.com\/rdz\/contacto\/#breadcrumb"},"inLanguage":"es","potentialAction":[{"@type":"ReadAction","target":["https:\/\/www.rdzabogados.com\/rdz\/contacto\/"]}]},{"@type":"ImageObject","inLanguage":"es","@id":"https:\/\/www.rdzabogados.com\/rdz\/contacto\/#primaryimage","url":"https:\/\/www.rdzabogados.com\/rdz\/wp-content\/uploads\/2021\/01\/RDZ-Logo-Lite.png","contentUrl":"https:\/\/www.rdzabogados.com\/rdz\/wp-content\/uploads\/2021\/01\/RDZ-Logo-Lite.png","width":451,"height":181},{"@type":"BreadcrumbList","@id":"https:\/\/www.rdzabogados.com\/rdz\/contacto\/#breadcrumb","itemListElement":[{"@type":"ListItem","position":1,"name":"Inicio","item":"https:\/\/www.rdzabogados.com\/rdz\/"},{"@type":"ListItem","position":2,"name":"Contacto"}]},{"@type":"WebSite","@id":"https:\/\/www.rdzabogados.com\/rdz\/#website","url":"https:\/\/www.rdzabogados.com\/rdz\/","name":"RDZ Abogados","description":"","publisher":{"@id":"https:\/\/www.rdzabogados.com\/rdz\/#organization"},"potentialAction":[{"@type":"SearchAction","target":{"@type":"EntryPoint","urlTemplate":"https:\/\/www.rdzabogados.com\/rdz\/?s={search_term_string}"},"query-input":{"@type":"PropertyValueSpecification","valueRequired":true,"valueName":"search_term_string"}}],"inLanguage":"es"},{"@type":"Organization","@id":"https:\/\/www.rdzabogados.com\/rdz\/#organization","name":"RDZ Abogados","url":"https:\/\/www.rdzabogados.com\/rdz\/","logo":{"@type":"ImageObject","inLanguage":"es","@id":"https:\/\/www.rdzabogados.com\/rdz\/#\/schema\/logo\/image\/","url":"https:\/\/www.rdzabogados.com\/rdz\/wp-content\/uploads\/2020\/11\/firma-1.png","contentUrl":"https:\/\/www.rdzabogados.com\/rdz\/wp-content\/uploads\/2020\/11\/firma-1.png","width":410,"height":181,"caption":"RDZ Abogados"},"image":{"@id":"https:\/\/www.rdzabogados.com\/rdz\/#\/schema\/logo\/image\/"}}]}},"_links":{"self":[{"href":"https:\/\/www.rdzabogados.com\/rdz\/wp-json\/wp\/v2\/pages\/190","targetHints":{"allow":["GET"]}}],"collection":[{"href":"https:\/\/www.rdzabogados.com\/rdz\/wp-json\/wp\/v2\/pages"}],"about":[{"href":"https:\/\/www.rdzabogados.com\/rdz\/wp-json\/wp\/v2\/types\/page"}],"author":[{"embeddable":true,"href":"https:\/\/www.rdzabogados.com\/rdz\/wp-json\/wp\/v2\/users\/1"}],"replies":[{"embeddable":true,"href":"https:\/\/www.rdzabogados.com\/rdz\/wp-json\/wp\/v2\/comments?post=190"}],"version-history":[{"count":10,"href":"https:\/\/www.rdzabogados.com\/rdz\/wp-json\/wp\/v2\/pages\/190\/revisions"}],"predecessor-version":[{"id":555,"href":"https:\/\/www.rdzabogados.com\/rdz\/wp-json\/wp\/v2\/pages\/190\/revisions\/555"}],"wp:attachment":[{"href":"https:\/\/www.rdzabogados.com\/rdz\/wp-json\/wp\/v2\/media?parent=190"}],"curies":[{"name":"wp","href":"https:\/\/api.w.org\/{rel}","templated":true}]}}